t u(l) = -2194*l - 855656. Give u(-390).
4
Let y(z) = 90*z**2 - 2766*z - 1584. Calculate y(31).
-840
Let d(r) = r**2 + 388*r + 32103. Determine d(-119).
92
Let v(j) = -263*j + 165607. Determine v(630).
-83
Let g(l) = -838*l + 10028. Calculate g(12).
-28
Let j(q) = -q**3 - 587*q**2 - 1042*q + 74841. Calculate j(-585).
-39
Let x(p) = -2*p**3 + 31*p**2 - 166*p + 312. Determine x(6).
0
Let a(k) = -65*k**2 + 1642*k - 286. Give a(25).
139
Let y(d) = 3*d**2 + 74*d - 630. Give y(21).
2247
Let u(a) = 41095*a + 7356019. What is u(-179)?
14
Let k(p) = 81526*p + 163084. Calculate k(-2).
32
Let n(m) = -228373*m - 685109. Give n(-3).
10
Let k(l) = -l**3 - 230*l**2 - 1374*l - 50. Give k(-6).
130
Let l(d) = 1930*d - 11173. Calculate l(6).
407
Let t(f) = -4729*f + 1083104. What is t(229)?
163
Let c(k) = -1400*k - 333203. What is c(-238)?
-3
Let v(f) = -36*f**2 - 2714*f - 13483. What is v(-5)?
-813
Let l(f) = -523*f - 875. What is l(-2)?
171
Let r(k) = 1891*k + 49372. Determine r(-26).
206
Let w(b) = -1775*b - 5678. Give w(-3).
-353
Let c(d) = 5*d**2 + 4491*d + 76729. Determine c(-17).
1827
Let f(g) = 3*g**3 + 48*g**2 + 297*g + 3216. What is f(-14)?
234
Let m(t) = -t**3 - 49*t**2 + 6705*t - 538. Give m(-110).
12
Let h(o) = 670*o + 16862. Determine h(-25).
112
Let z(v) = 27124*v - 433836. Calculate z(16).
148
Let d(y) = y**2 - 230*y - 1591. Give d(-8).
313
Let h(w) = 91*w**2 - 1933*w + 3890. Give h(19).
14
Let x(v) = 149*v + 28661. What is x(-196)?
-543
Let s(q) = 17*q**2 + 1096*q + 1705. Determine s(-63).
130
Let b(g) = -552488*g - 6077381. Give b(-11).
-13
Let g(w) = 6668*w + 340817. Calculate g(-51).
749
Let q(o) = o**2 - 52672*o + 52673. What is q(1)?
2
Let f(s) = 158*s**3 + 2*s**2 + 223*s - 222. Give f(1).
161
Let k(o) = 13*o**2 - 352*o + 25. What is k(27)?
-2
Let v(a) = a**3 + 174*a**2 - 653*a - 113612. Calculate v(-174).
10
Let m(o) = -2*o**3 - 9*o**2 + 8802*o + 35233. Determine m(-4).
9
Let k(m) = -m**2 + 315*m - 13019. What is k(46)?
-645
Let c(o) = 7*o**3 - 195*o**2 - 385*o + 12. Determine c(-2).
-54
Let k(h) = h**3 - 22*h**2 + 205*h - 20837. What is k(34)?
5
Let i(v) = v**3 - 2*v**2 + 545*v + 3557. Determine i(-6).
-1
Let j(k) = 18222*k - 36573. Give j(2).
-129
Let y(o) = 3*o**3 + 863*o**2 - 2043*o - 3771. Determine y(-290).
-1
Let c(h) = -95824*h + 191496. Determine c(2).
-152
Let x(d) = -d**2 - 172*d - 4685. Give x(-137).
110
Let c(q) = -8672*q + 164671. Calculate c(19).
-97
Let v(j) = -j**2 + 63082*j + 3. What is v(0)?
3
Let f(t) = 537*t**2 + 265237*t - 20249. Determine f(-494).
5
Let j(o) = -8346*o + 33377. What is j(4)?
-7
Let v(m) = 2*m**2 - 376*m - 593930. Determine v(647).
16
Let j(t) = -175*t**3 + 538*t**2 - 31*t - 15. What is j(3)?
9
Let l(f) = f**2 - 92*f + 87. What is l(10)?
-733
Let k(r) = -r**3 + 168*r**2 - 821*r + 963. Calculate k(163).
-15
Let h(d) = -378*d + 10039. Calculate h(27).
-167
Let p(g) = -2508*g + 210150. Calculate p(84).
-522
Let a(q) = -q**2 - 4330*q - 86185. Give a(-20).
15
Let x(i) = 2*i**3 - 136*i**2 + 239*i - 16209. Calculate x(68).
43
Let l(d) = d**3 - 27*d**2 + 131*d + 191. Calculate l(20).
11
Let w(i) = 541*i + 80523. What is w(-149)?
-86
Let f(d) = 619*d - 8863. Give f(14).
-197
Let n(f) = 413*f + 3433. What is n(-10)?
-697
Let y(g) = 1209*g + 278542. Calculate y(-230).
472
Let r(z) = -z**2 - 61*z - 709. Calculate r(-13).
-85
Let s(o) = 4701*o - 32904. Determine s(7).
3
Let m(i) = -i**3 + 30*i**2 - 168*i - 53. What is m(22)?
123
Let v(z) = 2*z**2 + 531*z + 1343. Calculate v(-263).
28
Let n(h) = -105*h**2 - 41484*h - 3495. What is n(-395)?
60
Let w(p) = -15812*p + 79264. Determine w(5).
204
Let f(y) = 69251*y - 207756. Determine f(3).
-3
Let m(r) = 283*r**3 + 494*r**2 + 17*r + 34. Give m(-3).
-3212
Let y(n) = -59*n**2 + 4600*n + 124. Determine y(78).
-32
Let f(d) = -2*d**3 - 113*d**2 - 89*d - 1845. Give f(-56).
3
Let h(d) = 3*d**3 + 11*d**2 - 181*d - 707. Give h(-4).
1
Let i(t) = -t**3 + 100*t**2 - 101*t + 20345. Determine i(101).
-57
Let m(o) = -569*o - 68118. Give m(-120).
162
Let a(d) = 19*d**2 + 72*d - 41. Give a(-6).
211
Let o(f) = 33390*f + 100157. Calculate o(-3).
-13
Let q(u) = 97*u**3 - 410*u**2 - 358*u - 81. Calculate q(5).
4
Let a(n) = 4*n**3 - 26*n**2 + 57*n - 21. Determine a(3).
24
Let d(n) = -2*n**3 + 27*n**2 - 224*n + 1625. What is d(10)?
85
Let u(h) = 73*h**2 + 556*h + 281. Give u(-7).
-34
Let w(s) = -7*s**3 - 51*s**2 - 5*s + 23. Determine w(-9).
1040
Let z(w) = w**3 + 255*w**2 - 2651*w - 38. What is z(10)?
-48
Let d(f) = 9*f**2 - 1753*f + 60668. Give d(45).
8
Let q(u) = 110*u**3 + 378*u**2 - 8*u - 3. Calculate q(-3).
453
Let p(f) = -75*f - 3. Give p(-2).
147
Let f(s) = 111*s**2 + 3756*s - 607. Determine f(-34).
5
Let t(z) = 2*z**2 - 1091*z + 11766. Give t(11).
7
Let x(o) = o**2 + 6837*o + 95464. Give x(-14).
-58
Let z(p) = -466*p - 4773. Give z(-8).
-1045
Let f(r) = 48*r**2 - 722*r - 1604. Determine f(17).
-6
Let a(h) = -h**3 + 786*h**2 + 42687*h + 11. Calculate a(837).
11
Let a(s) = 2*s**2 - 6431*s + 415753. Give a(66).
19
Let o(c) = -2066*c - 20316. Determine o(-11).
2410
Let r(g) = 4558*g**2 - 31889*g - 6. Determine r(7).
113
Let l(o) = -25096*o + 978747. Give l(39).
3
Let a(w) = 1462*w - 637099. Calculate a(436).
333
Let z(m) = -m**2 + 283*m - 18827. What is z(176)?
5
Let y(b) = -10996*b - 131126. Determine y(-12).
826
Let a(k) = -k**2 - 165*k - 5038. Calculate a(-67).
1528
Let r(d) = d**3 - 234*d - 654. Calculate r(0).
-654
Let y(l) = l**3 + 664*l**2 + 16604*l + 10218. What is y(-638)?
10
Let q(u) = 3*u**3 - 51*u**2 - 204*u + 496. Give q(20).
16
Let m(r) = r**3 + 80*r**2 + 351*r - 89. Determine m(-5).
31
Let a(z) = 3003*z + 2980. Calculate a(-1).
-23
Let t(y) = y**2 + 323*y + 17168. Calculate t(-67).
16
Let i(d) = 3*d**3 + 31*d**2 - 39*d - 62. Calculate i(-8).
698
Let r(l) = l**3 + 105*l**2 - 442*l - 486. Give r(-109).
168
Let i(w) = 2*w**2 - 266070*w + 5320596. Calculate i(20).
-4
Let a(v) = -v**3 - 38*v**2 + 1410*v + 1878. Give a(24).
6
Let a(u) = 556*u - 210. Determine a(-3).
-1878
Let q(p) = 756259*p - 3025027. What is q(4)?
9
Let c(x) = -6589*x + 33079. What is c(5)?
134
Let g(f) = 781907*f + 1563810. What is g(-2)?
-4
Let p(z) = 28*z**2 - 541*z - 2386. Calculate p(23).
-17
Let q(g) = 44142*g. Determine q(0).
0
Let q(s) = -2976*s - 972897. Give q(-327).
255
Let g(l) = 39599*l - 1544261. Calculate g(39).
100
Let a(s) = -2*s**2 + 11294*s + 169841. Calculate a(-15).
-19
Let g(q) = 47*q**2 - 1440*q - 2871. Calculate g(-2).
197
Let y(v) = -22636*v**2 + 475356*v - 52. Determine y(21).
-52
Let l(a) = 32*a**2 - 62140*a + 186419. Give l(3).
287
Let h(t) = 59*t**2 - 18*t - 6. Give h(1).
35
Let v(j) = j**2 + 2664*j - 188605. Calculate v(69).
-28
Let y(w) = 19826*w - 59473. What is y(3)?
5
Let k(y) = -21390*y + 156417. Give k(7).
6687
Let l(m) = -12*m**2 - 5*m + 12. Determine l(0).
12
Let s(r) = 2*r**2 + 1379*r - 84317. Determine s(-746).
-19
Let o(f) = 3*f**2 + 472*f + 6237. Determine o(-143).
88
Let i(h) = 84*h**2 - 1000*h - 105. Give i(12).
-9
Let x(d) = d**2 - 2530*d + 10152. Give x(4).
48
Let k(n) = -7336*n - 44054. Calculate k(-6).
-38
Let m(x) = x**3 - 33*x**2 + 17*x - 123. Determine m(32).
-603
Let r(u) = u**3 + 160*u**2 - 1677*u - 261. Determine r(10).
-31
Let a(f) = -f**2 + 188*f - 1484. Determine a(8).
-44
Let h(d) = -26*d**2 - 411*d - 1632. Give h(-7).
-29
Let v(h) = -5*h**3 + 3*h**2 - 147*h + 290. What is v(2)?
-32
Let f(i) = -i**2 + 8431*i - 6207044. Calculate f(815).
-4
Let w(z) = 3*z**2 + 294*z + 3254. What is w(-85)?
-61
Let k(h) = 4*h**2 + 197*h - 1436. What is k(-67)?
3321
Let c(z) = z**2 + 97*z - 16256. Calculate c(88).
24
Let c(j) = -1436*j - 8110. Calculate c(-6).
506
Let s(j) = -j**3 - 9*j**2 + 6790*j - 285. Calculate s(78).
27
Let w(z) = -z**2 + 463*z - 6299. Determine w(14).
-13
Let h(i) = -49*i + 223. Give h(-5).
468
Let t(q) = -q**3 - 211*q**2 + 862*q - 86. Calculate t(-215).
-516
Let z(g) = -5964579*g - 17893731. Calculate z(-3).
6
Let a(c) = -c**2 - 1021*c - 259936. Determine a(-504).
632
Let d(a) = -5539*a + 1395822. Give d(252).
-6
Let i(t) = 4071*t - 447832. What is i(110)?
-22
Let w(l) = l**2 - 3653*l + 1449606. What is w(453)?
6
Let z(n) = 9338*n + 46705. Give z(-5).
15
Let y(l) = l**3 + 11*l**2 + 8*l + 228. What is y(0)?
228
Let r(n) = -11223*n - 157168. What is